) = 4 - 1 + 0*j - v*j + 10*j. What is m(0)?
3
Let c(r) = r**3 - r. Let m(b) be the third derivative of b**6/40 + b**5/15 - b**4/12 - b**3/2 + 7*b**2. Let d(g) = -4*c(g) + m(g). Give d(4).
5
Suppose 3*x + 4*i - 23 = 0, x + 1 = 2*i + 2. Suppose -5 + 0 = x*h. Let p(b) = -7*b - 1. Calculate p(h).
6
Let y = 243 - 250. Let u(o) = o**3 + 6*o**2 - 9*o - 7. What is u(y)?
7
Let m(r) = -43*r - 6. Let v(p) = 19*p + 3. Let x(y) = 6*m(y) + 13*v(y). What is x(-4)?
47
Let l be (12/(-8))/((-2)/16). Let k = l - 7. Suppose -k = -m + 2*b, -b = 6*m - 4*m - 5. Let v(u) = u + 2. What is v(m)?
5
Let k be 21 + -22 + 0 + 3. Let u(j) = j**3 + j + j**2 + 13*j**k - 2 - 7*j**2. What is u(-7)?
-9
Suppose 11*v = -0 + 77. Let i(c) = -c**2 + 8*c - 7. Calculate i(v).
0
Let p(w) = w + 9. Let l be p(-10). Let h(k) be the first derivative of -5*k**4/4 + k**3/6 - 8*k + 7. Let r(n) be the first derivative of h(n). Calculate r(l).
-16
Let j(q) = 1 + 133*q - 3*q**2 + 4*q**2 - 135*q. Give j(4).
9
Let x = 0 - -9. Let q(v) = -3 - v + 3*v - x - 4*v. Let f be (-208)/24 - 4/(-6). Calculate q(f).
4
Let s(x) = 98 - 106 + 0*x + 3*x. Determine s(7).
13
Let n(r) be the first derivative of -r**4/4 - 2*r**3/3 + 9*r**2/2 + 5*r - 712. Determine n(-4).
1
Let p be (-279)/(-39) + 4/(-26). Suppose 8*l - p*l = 6. Suppose 6*k - 7*k + l = 0. Let m(s) = s**3 - 6*s**2 - 3*s + 6. Determine m(k).
-12
Let r(y) = y**3 + 21. Suppose 4*f - 55 = 5*s, -7*f + 32 = -s - 2*f. Let v = s + 7. Calculate r(v).
21
Let m(f) = -f**2 - 9*f - 22. Suppose 220 - 157 = -7*h. What is m(h)?
-22
Let r(v) = -3*v + 5 - 6 - v. Suppose -7*p + 6*p - 5 = 0. Determine r(p).
19
Let j(m) = -m**3 - 8*m**2 - 5*m + 1. Let o(p) = -p**3 - 10*p**2 + 26*p + 17. Let v be o(-12). Calculate j(v).
-13
Let v(o) be the third derivative of 0 - 16*o**2 + 2*o - 1/3*o**3 - 7/12*o**4. Determine v(-2).
26
Let v(j) = j**2 + 17*j + 55. Let u be v(-4). Let g(z) = -9*z - 1. Calculate g(u).
-28
Let v(f) = -2*f**2 - 2*f + 1. Let o(a) = 39*a - 236. Let j be o(6). Give v(j).
-3
Suppose -5*m + b - 523 = 185, b = 2*m + 285. Let g = -140 - m. Let j(r) = r. Determine j(g).
1
Suppose y + 11*y + 36 = 0. Let s(z) be the second derivative of z**5/40 - z**3/2 + 2*z. Let l(o) be the second derivative of s(o). Calculate l(y).
-9
Let q(d) = -d. Let n(x) = -4*x - 87. Let g be n(-25). Suppose 19 = g*h - 33. Determine q(h).
-4
Let b(w) = w**3 + 3*w**2 + 3*w. Suppose 5 - 3 = 3*l + 2*z, 16 = 2*l + 5*z. Determine b(l).
-2
Let u(c) be the second derivative of -2*c**4/3 - c**3/6 + c**2/2 + c. Let g(h) = -45*h - 404. Let n be g(-9). Calculate u(n).
-8
Let g(h) be the third derivative of -h**4/24 + 5*h**3/3 - 9*h**2. Let w be g(9). Let u(a) be the second derivative of a**3/6 + a. What is u(w)?
1
Let o(h) be the third derivative of h**8/20160 + h**7/1680 - h**6/360 + 2*h**5/15 + 3*h**2. Let q(u) be the third derivative of o(u). Determine q(-5).
8
Let p(a) = 7*a + 957 - 1917 + 962. Calculate p(-1).
-5
Let c = 3 - 1. Let w(r) = -3*r + r**3 + 3*r**2 - 2*r**2 - 5*r**2 + 3*r**2 + c. Suppose 43*x - 41*x - 4 = 0. Give w(x).
0
Let u(c) = -10*c + 18. Let t(b) = b - 1. Let o(z) = -12*t(z) - u(z). Calculate o(5).
-16
Let k(p) = -p**3 + 5*p**2 - 5*p + 6. Suppose -7*m + 6*m = 8. Let t = m + 8. Let o be 1 + t + (-3)/(-1). What is k(o)?
2
Let k(f) be the third derivative of f**6/120 - f**5/60 + f**4/24 - f**3/2 - 236*f**2 - 1. What is k(0)?
-3
Let h = 4 + -9. Let a(y) = y**3 + 5*y**2 - 3*y - 5. Determine a(h).
10
Let z(u) = u**3 - 594 + 3*u**2 + 2*u - 3*u**2 + u + 589 - 2*u**2. Give z(3).
13
Let t = -13 + 13. Suppose -3*y = 12 - 3. Let l be 7 + -1 - t/y. Let z(g) = -g**2 + 7*g - 6. Calculate z(l).
0
Let i(t) = t - 2. Let r(f) be the first derivative of -f**3/3 - 5*f**2/2 + 6*f - 3. Let d be r(-5). Suppose -q - d + 0 = 0. Give i(q).
-8
Suppose -5*p - 6 + 0 = -4*g, 3*p + 3*g - 18 = 0. Let t(u) = -15*u - 2 + 18*u - p. Give t(-3).
-13
Let p(z) be the second derivative of 0 + 1/2*z**2 + 9*z - 2/3*z**3. Determine p(-2).
9
Let z(x) = -x - 4. Let n be z(0). Let l(p) be the third derivative of -p**5/60 - 5*p**4/24 - 2*p**3/3 - 648*p**2. Give l(n).
0
Let q(x) = 17*x**2 - 2*x - 26. Let d(k) = 14*k**2 - 2*k - 28. Let r(c) = 6*d(c) - 5*q(c). What is r(0)?
-38
Let g = 919 + -929. Let b(x) = 4*x + 14. Calculate b(g).
-26
Let p(j) = 45*j**2 - 11*j**2 - 20*j**2 - 13*j**2 + 6 + 7*j. Calculate p(-7).
6
Let s(u) be the third derivative of u**6/120 - u**5/10 + 2*u**3/3 + 125*u**2. Let z be ((-10)/2)/((-30)/36). Calculate s(z).
4
Let m(y) = -y**3 - 11*y**2 - 9*y + 12. Let c be m(-10). Let i(h) = 1 + h - 1 - 3*h**2 + 3 + c*h**2. Suppose 4*p + 42 - 42 = 0. Determine i(p).
3
Suppose -2*g - 3*k = -13, -3*g - 2*k = g - 22. Suppose -2*n + 0*m = g*m + 13, n - 4*m = 13. Let a(d) = 12*d**3 + d**2 + d - 1. Give a(n).
13
Suppose 0*s - 3*s = 4*i - 9, -2*s = -5*i + 17. Let z(u) be the third derivative of 0 - i*u**2 + 0*u + 1/6*u**4 + 1/60*u**5 - 7/6*u**3. Determine z(-6).
5
Let t(j) = 7*j**3 - 10*j**2 + 13*j**2 - 5*j**2 + 1. Let v be t(1). Let u(r) = -r + 1. What is u(v)?
-5
Let v(r) = r**3 + 4*r**2 + 3*r. Suppose -7*t - t = 2*t. Let k(f) = 2*f + 7. Let x(c) = 3*c + 8. Let y(n) = -4*k(n) + 3*x(n). Let j be y(t). What is v(j)?
-12
Let i(m) = -3*m - 18. Let y be i(-7). Let z(u) = -u**3 + 4*u**2 - 5*u + 3. Determine z(y).
-3
Suppose 4*b - 9*b = 15. Let u(n) be the second derivative of -n**3/6 + n**2/2 - 17*n. Determine u(b).
4
Let x(k) = k - 13. Let r be x(-9). Let y be 6/(-33) + (-26)/r. Suppose -y = -c + 3*o - 16, -5*c = 4*o - 20. Let n(z) = z - 5. Calculate n(c).
-5
Let w(j) be the third derivative of j**8/20160 + j**7/1008 + j**6/120 - 13*j**5/30 + 5*j**2. Let t(z) be the third derivative of w(z). What is t(-4)?
2
Let h(l) be the first derivative of 6*l**2 - l + 470. Let g = 0 + -1. Calculate h(g).
-13
Let w(b) = -b**2 + 7*b + 6. Suppose 120 = -33*r + 53*r. Calculate w(r).
12
Let b(m) be the second derivative of 0 + 1/20*m**5 - 5/2*m**2 + m - 4/3*m**3 + 5/12*m**4. Let s(i) = 19*i - 6. Let u be s(0). Determine b(u).
7
Suppose 3*d - 32 - 7 = 0. Let o(c) = -c**2 + 15*c - 25. Determine o(d).
1
Let l(p) = -p. Suppose -2*m = 4 - 6. Let y(v) = 4*v - 4. Let g(t) = m*y(t) + 3*l(t). Suppose -18 = -2*q + 3*a, -13*q + 4*a + 38 = -8*q. Calculate g(q).
2
Let y(f) = -9*f + 1. Suppose 35*a - 104 + 139 = 0. What is y(a)?
10
Let l(a) = -a**2 - 7*a + 5. Let d be l(2). Let x be 2/d + ((-320)/(-52) - 1). Let r(u) = u**3 - 6*u**2 + 5*u - 6. What is r(x)?
-6
Let j(u) = 5*u**2 + 3. Let o(h) = -h**2 + h. Let v(g) = -g + 7. Let n be v(3). Let a be ((-6)/4 - -1)*-2. Let q(x) = a*j(x) + n*o(x). Determine q(-3).
0
Let g(m) = m**3 + 17*m**2 + 16*m + 2. Let n = -2944 + 2928. Give g(n).
2
Let b(z) = -1. Let n(m) = -4*m**3 + m**2 + m - 6. Let i(q) = 6*b(q) - n(q). Let l be i(-1). Let h(c) = 0*c - 21*c**2 - 2*c + 20*c**2 + 3. Give h(l).
-5
Let k(x) = -9*x - 2. Let u(l) = -9*l - 8. Let t be u(-3). Let g(o) = 3*o - 59. Let d be g(t). Calculate k(d).
16
Let d(h) = -8*h**3 + h**2 + h. Let o be -2*(3 - (-69)/2). Let i = o - -74. What is d(i)?
8
Suppose -2*g + 3*c = 11, c - 7 = -5*g + 4*g. Let f(x) = 21*x**2 + 2*x + 2*x**3 - 25*x**g - 2*x**3 + x**3 + 2. Give f(4).
10
Let t be (-3*(-6)/12)/((-9)/42). Let u(b) = -b**2 - 7*b - 6. What is u(t)?
-6
Let p be -32*(1 - (-1)/(-2)). Let h(r) = r**3 + 17*r**2 + 15*r - 11. Calculate h(p).
5
Let f(y) be the first derivative of y**6/180 + y**5/120 + y**4/24 - 2*y**3 + 5. Let j(u) be the third derivative of f(u). What is j(-1)?
2
Suppose 0 = 4*f - j, -5 = f - j + 2*j. Let r(u) be the second derivative of -1/2*u**2 + 1/3*u**4 - u + 0*u**3 + 0. What is r(f)?
3
Let t(o) = 26*o - 8*o - 19*o + 1. Let j be (1 - 0)*-1*5. Calculate t(j).
6
Suppose 0 = -4*t + t + 5*x - 30, -2*t + 3*x = 19. Let c(m) = -2*m + 3. Calculate c(t).
13
Let z(i) = 8*i - 4. Let n(j) = -9*j + 5. Let r(t) = -5*n(t) - 6*z(t). Let q be (-54)/(-297)*22/4. What is r(q)?
-4
Let x(d) = -3*d**2 - 2*d + 2. Let r(f) = -6*f**2 - 5*f + 5. Let g(n) = 4*r(n) - 9*x(n). What is g(3)?
23
Let h(m) = -4*m**3 + 19*m**2 - 23*m - 68. Let u(r) = -3*r**3 + 13*r**2 - 15*r - 46. Let q(j) = 5*h(j) - 7*u(j). Determine q(-5).
7
Let n = -24 - -44. Suppose 3*q = -8 + n. Let o(f) = f**2 - 4*f - 1. Calculate o(q).
-1
Let d(t) = -t - 17. Let j = -1204 + 1204. Give d(j).
-17
Let m be ((-15)/(-60))/(1/(-4)). 